{"id":145,"date":"2026-04-14T09:36:59","date_gmt":"2026-04-14T09:36:59","guid":{"rendered":"https:\/\/n1thnltmdt21c.azdigi.shop\/?post_type=product&#038;p=145"},"modified":"2026-04-15T11:23:20","modified_gmt":"2026-04-15T11:23:20","slug":"vot-cau-long-yonex-astrox-100-game-va","status":"publish","type":"product","link":"https:\/\/n1thnltmdt21c.azdigi.shop\/index.php\/product\/vot-cau-long-yonex-astrox-100-game-va\/","title":{"rendered":"V\u1ee3t c\u1ea7u l\u00f4ng Yonex Astrox 100 Game VA"},"content":{"rendered":"<h2><strong>1. Gi\u1edbi thi\u1ec7u V\u1ee3t c\u1ea7u l\u00f4ng Yonex Astrox 100 Game VA<\/strong><\/h2>\n<p>&#8211;\u00a0<a href=\"https:\/\/shopvnb.com\/vot-cau-long-yonex-astrox-100-game-va.html\">V\u1ee3t c\u1ea7u l\u00f4ng Yonex Astrox 100 Game VA<\/a>\u00a0L\u1ea5y c\u1ea3m h\u1ee9ng t\u1eeb phi\u00ean b\u1ea3n cao c\u1ea5p Astrox 100ZZ VA, c\u00e2y v\u1ee3t n\u00e0y \u0111\u01b0\u1ee3c tinh ch\u1ec9nh kh\u00e9o l\u00e9o mang \u0111\u1ebfn s\u1ee9c m\u1ea1nh t\u1ea5n c\u00f4ng v\u01b0\u1ee3t tr\u1ed9i, d\u1ec5 l\u00e0m quen v\u00e0 \u0111\u1eb7c bi\u1ec7t c\u00f3 m\u1ee9c gi\u00e1 h\u1ee3p l\u00fd h\u01a1n, ph\u00f9 h\u1ee3p cho ng\u01b0\u1eddi ch\u01a1i tr\u00ecnh \u0111\u1ed9 th\u1ea5p h\u01a1n.<\/p>\n<p>&#8211; Astrox 100 Game VA s\u1eed d\u1ee5ng m\u1ed9t t\u1ed5 h\u1ee3p v\u1eadt li\u1ec7u ti\u00ean ti\u1ebfn \u0111\u01b0\u1ee3c l\u1ef1a ch\u1ecdn \u0111\u1ec3 n\u00e2ng cao hi\u1ec7u su\u1ea5t. Trong \u0111\u00f3, HM Graphite cung c\u1ea5p \u0111\u1ed9 c\u1ee9ng c\u00e1p v\u00e0 b\u1ec1n b\u1ec9 cho khung v\u1ee3t, \u0111\u1ea3m b\u1ea3o v\u1ee3t kh\u00f4ng b\u1ecb bi\u1ebfn d\u1ea1ng d\u01b0\u1edbi l\u1ef1c c\u0103ng cao v\u00e0 nh\u1eefng c\u00fa va ch\u1ea1m m\u1ea1nh. C\u00e1c h\u1ea1t Tungsten \u0111\u01b0\u1ee3c t\u00edch h\u1ee3p v\u00e0o khung gi\u00fap t\u0103ng c\u01b0\u1eddng s\u1ee9c m\u1ea1nh cho c\u00e1c c\u00fa \u0111\u1eadp v\u00e0 c\u1ea3i thi\u1ec7n \u0111\u1ed9 \u1ed5n \u0111\u1ecbnh c\u1ee7a m\u1eb7t v\u1ee3t khi ti\u1ebfp x\u00fac c\u1ea7u.<\/p>\n<p>&nbsp;<\/p>\n<div>\n<div class=\"youtube-placeholder\" data-video-id=\"b5Tp5UP2KNk\"><\/div>\n<\/div>\n<p>&nbsp;<\/p>\n<p>&#8211; Thu\u1ed9c ph\u00e2n kh\u00fac gi\u00e1 t\u1ea7m trung, Astrox 100 Game VA \u0111\u01b0\u1ee3c th\u1eeba h\u01b0\u1edfng nh\u1eefng c\u00f4ng ngh\u1ec7 tinh t\u00fay nh\u1ea5t t\u1eeb d\u00f2ng cao c\u1ea5p h\u01a1n, t\u1ea1o n\u00ean s\u1ef1 kh\u00e1c bi\u1ec7t r\u00f5 r\u1ec7t khi \u0111\u00e1nh. Trong \u0111\u00f3, Rotational Generator System \u0111\u01b0\u1ee3c ph\u00e2n b\u1ed1 tr\u1ecdng l\u01b0\u1ee3ng t\u1eadp trung \u1edf \u0111\u1ea7u v\u1ee3t, kh\u1edbp n\u1ed1i v\u00e0 c\u00e1n v\u1ee3t. T\u1eeb \u0111\u00f3, cung c\u1ea5p nh\u1eefng c\u00fa \u0111\u1ea9y c\u1ea7u v\u1edbi s\u1ee9c m\u1ea1nh b\u00f9ng n\u1ed5, \u0111\u1ed3ng th\u1eddi linh ho\u1ea1t gi\u1eefa c\u00e1c pha chuy\u1ec3n ti\u1ebfp gi\u1eefa c\u00e1c pha c\u1ea7u.<\/p>\n<p><img decoding=\"async\" src=\"https:\/\/cdn.shopvnb.com\/uploads\/gallery\/vot-cau-long-yonex-astrox-100-game-va-grayish-beige-chinh-hang_1758652101.webp\" alt=\"V\u1ee3t c\u1ea7u l\u00f4ng Yonex Astrox 100 Game VA\" \/><\/p>\n<h2><strong>2. Th\u00f4ng s\u1ed1 V\u1ee3t c\u1ea7u l\u00f4ng Yonex Astrox 100 Game VA<\/strong><\/h2>\n<p>&#8211; \u0110\u1ed9 c\u1ee9ng: Trung b\u00ecnh<\/p>\n<p>&#8211; \u0110i\u1ec3m c\u00e2n b\u1eb1ng: N\u1eb7ng \u0111\u1ea7u<\/p>\n<p>&#8211; Khung m\u1eb7t v\u1ee3t: HM Graphite, NANOMESH NEO, VOLUME CUT RESIN, Tungsten<\/p>\n<p>&#8211; \u0110\u0169a v\u1ee3t: HM Graphite, NANOMESH NEO<\/p>\n<p>&#8211; Joint: Built-in T-Joint<\/p>\n<p>&#8211; Tr\u1ecdng l\u01b0\u1ee3ng: 3U, 4U<\/p>\n<p>&#8211; Chu vi c\u00e1n v\u1ee3t: 3U &#8211; G4, 5, 6<\/p>\n<p>4U &#8211; G5, 6<\/p>\n<p>&#8211; M\u00e0u s\u1eafc: Grayish Beige<\/p>\n<p>&#8211; S\u1ee9c c\u0103ng v\u1ee3t: 4U: 20 &#8211; 28 lbs<\/p>\n<p>3U: 21 &#8211; 29 lbs<\/p>\n<p><img decoding=\"async\" src=\"https:\/\/cdn.shopvnb.com\/uploads\/gallery\/vot-cau-long-yonex-astrox-100-game-va-grayish-beige-chinh-hang-1_1758652130.webp\" alt=\"V\u1ee3t c\u1ea7u l\u00f4ng Yonex Astrox 100 Game VA\" \/><\/p>\n<p>Xem th\u00eam m\u1ed9t s\u1ed1 m\u1eabu\u00a0<a href=\"https:\/\/shopvnb.com\/vot-cau-long-yonex.html\">V\u1ee3t c\u1ea7u l\u00f4ng Yonex<\/a>\u00a0kh\u00e1c \u0111ang \u0111\u01b0\u1ee3c b\u00e1n t\u1ea1i ShopVNB.<\/p>\n<h2><strong>3. C\u00f4ng ngh\u1ec7 t\u00edch h\u1ee3p tr\u00ean V\u1ee3t c\u1ea7u l\u00f4ng Yonex Astrox 100 Game VA<\/strong><\/h2>\n<p><strong>&#8211; C\u00f4ng ngh\u1ec7 NANOMESH NEO\u00a0<\/strong>c\u1ee7a Yonex s\u1eed d\u1ee5ng ch\u1ea5t k\u1ebft d\u00ednh gi\u00fap k\u1ebft h\u1ee3p s\u1ee3i Graphite v\u1edbi nh\u1ef1a cho khung v\u1ee3t ch\u1eafc ch\u1eafn v\u00e0 linh ho\u1ea1t h\u01a1n, trong khi \u0111\u1ed9 u\u1ed1n th\u00e2n v\u1ee3t t\u0103ng l\u00ean t\u1ea1o ra s\u1ee9c m\u1ea1nh t\u1ed1i \u0111a.<\/p>\n<p><strong>&#8211; AERO-BOX FRAME:<\/strong>\u00a0M\u1ee5c \u0111\u00edch c\u1ee7a vi\u1ec7c thi\u1ebft k\u1ebf m\u1eb7t khung h\u00ecnh oval l\u00e0 \u0111\u1ec3 khi \u0111\u00e1nh v\u1ee3t s\u1ebd l\u01b0\u1edbt gi\u00f3 cho kh\u00f4ng kh\u00ed qua, BOX FRAME v\u00e1t 2 b\u00ean gi\u00fap v\u1ee3t c\u1ee9ng c\u00e1p h\u01a1n. Thi\u1ebft k\u1ebf gi\u00fap t\u0103ng kh\u00ed \u0111\u1ed9ng l\u1ef1c h\u1ecdc, gi\u00fap ch\u00fang ta vung v\u1ee3t nhanh h\u01a1n, \u0111\u1eadp c\u1ea7u m\u1ea1nh h\u01a1n<\/p>\n<p><img decoding=\"async\" src=\"https:\/\/cdn.shopvnb.com\/uploads\/images\/cong-nghe-aero-box-frame-cua-vot-cau-long-yonex-astrox-100zz-kurenai-do-xach-tay.webp\" alt=\"C\u00f4ng ngh\u1ec7 AERO-BOX FRAME c\u1ee7a V\u1ee3t c\u1ea7u l\u00f4ng Yonex Astrox 100ZZ Kurenai\" \/><\/p>\n<p><strong>&#8211; ISOMETRIC:\u00a0<\/strong>C\u00f4ng ngh\u1ec7 thi\u1ebft k\u1ebf h\u00ecnh vu\u00f4ng gi\u00fap \u0111\u1ea3m b\u1ea3o t\u00ednh t\u01b0\u01a1ng \u0111\u1ed3ng v\u1ec1 \u0111\u1ed9 d\u00e0i v\u00e0 g\u00f3c c\u1ee7a c\u00e1c d\u00e2y d\u1ecdc c\u0169ng nh\u01b0 d\u00e2y ngang, t\u0103ng t\u1ed1i \u0111a \u0111i\u1ec3m ng\u1ecdt theo m\u1ecdi h\u01b0\u1edbng, ph\u1ea7n khung c\u1ee7a v\u1ee3t Yonex Astrox 100 Game VA vu\u00f4ng h\u01a1n n\u00ean khi c\u1ea7u ch\u1ea1m m\u1eb7t v\u1ee3t \u1edf nh\u1eefng \u0111i\u1ec3m kh\u00e1c nhau tr\u00ean m\u1eb7t v\u1ee3t v\u1eabn mang l\u1ea1i c\u1ea3m gi\u00e1c \u0111\u00e1nh t\u1ed1t nh\u1ea5t.<\/p>\n<p><img decoding=\"async\" src=\"https:\/\/cdn.shopvnb.com\/uploads\/images\/cong-nghe-isometric-cua-vot-cau-long-yonex-astrox-100zz-kurenai-do-xach-tay.webp\" alt=\"C\u00f4ng ngh\u1ec7 ISOMETRIC c\u1ee7a V\u1ee3t c\u1ea7u l\u00f4ng Yonex Astrox 100ZZ Kurenai\" \/><\/p>\n<p><strong>&#8211; ROTATIONAL GENARATOR SYSTEM:\u00a0<\/strong>L\u00e0 c\u00f4ng ngh\u1ec7 theo thuy\u1ebft \u0111\u1ed1i tr\u1ecdng. Tr\u1ecdng l\u1ef1c \u0111\u01b0\u1ee3c ph\u00e2n b\u1ed5 \u1edf \u0111\u1ea7u, \u0111o\u1ea1n n\u1ed1i ch\u1eef T v\u00e0 ph\u1ea7n \u0111\u1ea7u v\u1ee3t Yonex Astrox 100. Vi\u1ec7c ph\u00e2n b\u1ed5 nh\u01b0 v\u1eady gi\u00fap cho c\u00e2y v\u1ee3t \u0111\u01b0\u1ee3c \u0111\u1ed3ng \u0111\u1ec1u, h\u1ed7 tr\u1ee3 t\u1ed1t nh\u1ea5t cho v\u1ee3t sau khi \u0111\u00e1nh xong qu\u1ea3 c\u1ea7u tr\u01b0\u1edbc v\u00e0 chu\u1ea9n b\u1ecb cho pha \u0111\u00e1nh c\u1ea7u ti\u1ebfp theo d\u1ec5 d\u00e0ng h\u01a1n. \u0110i\u1ec1u n\u00e0y gi\u00fap cho vi\u1ec7c d\u00f9 \u0111ang c\u1ea7m v\u1ee3t n\u1eb7ng \u0111\u1ea7u nh\u01b0ng v\u1eabn mang \u0111\u1ebfn c\u1ea3m gi\u00e1c c\u00e2n b\u1eb1ng, tho\u1ea3i m\u00e1i.<\/p>\n<p><img decoding=\"async\" src=\"https:\/\/cdn.shopvnb.com\/uploads\/images\/cong-nghe-rotational-generator-system-cua-vot-cau-long-yonex-astrox-100zz-kurenai-do-xach-tay.webp\" alt=\"C\u00f4ng ngh\u1ec7 ROTATIONAL GENARATOR SYSTEM c\u1ee7a V\u1ee3t c\u1ea7u l\u00f4ng Yonex Astrox 100ZZ Kurenai\" \/><\/p>\n<p><strong>&#8211;<\/strong>\u00a0<strong>ENERGY BOOST CAP<\/strong>\u00a0l\u00e0 c\u00f4ng ngh\u1ec7 m\u1edbi nh\u1ea5t v\u00e0 \u0111\u01b0\u1ee3c s\u1eed d\u1ee5ng h\u1ea7u h\u1ebft tr\u00ean c\u00e1c d\u00f2ng v\u1ee3t cao c\u1ea5p c\u1ee7a Yonex hi\u1ec7n nay. C\u00f4ng ngh\u1ec7 n\u00e0y thi\u1ebft k\u1ebf n\u1eafp ch\u1ee5p c\u00e1n v\u1ee3t c\u00f3 h\u00ecnh d\u1ea1ng \u0111\u1ed9c \u0111\u00e1o gi\u00fap t\u1ed1i \u0111a h\u00f3a hi\u1ec7u su\u1ea5t th\u00e2n v\u1ee3t. M\u1eb7t tr\u01b0\u1edbc cho ph\u00e9p th\u00e2n v\u1ee3t u\u1ed1n cong, trong khi \u0111\u01b0\u1eddng cong hai b\u00ean gi\u00fap \u1ed5n \u0111\u1ecbnh m\u1eb7t v\u1ee3t b\u1eb1ng c\u00e1ch ng\u0103n th\u00e2n v\u1ee3t v\u1eb7n xo\u1eafn.<\/p>\n<p><img decoding=\"async\" src=\"https:\/\/cdn.shopvnb.com\/uploads\/images\/cong-nghe-ENERGY-BOOST-CAP.jpg\" alt=\"C\u00f4ng ngh\u1ec7 Energy Boost CAP c\u1ee7a V\u1ee3t c\u1ea7u l\u00f4ng Yonex Astrox 100 Game VA\" \/><\/p>\n<p><strong>&#8211; C\u00f4ng ngh\u1ec7 SLIM SHAFT<\/strong>\u00a0c\u1ee7a h\u00e3ng Yonex \u0111\u01b0\u1ee3c t\u00edch h\u1ee3p l\u00ean \u0111\u0169a v\u1ee3t cho ra m\u1ed9t thi\u1ebft k\u1ebf m\u1ecfng, t\u1eeb \u0111\u00f3 \u0111em l\u1ea1i hi\u1ec7u su\u1ea5t u\u1ed1n tr\u1ee5c cao cho t\u1eebng \u0111\u01b0\u1eddng c\u1ea7u nhanh v\u00e0 tho\u00e1t trong kh\u00f4ng kh\u00ed, gi\u1ea3m h\u1ec7 s\u1ed1 c\u1ea3n gi\u00f3 cho t\u1ed1c \u0111\u1ed9 ra v\u1ee3t nhanh h\u01a1n c\u00f9ng kh\u1ea3 n\u0103ng truy\u1ec1n l\u1ef1c t\u1eeb c\u1ed5 tay t\u1edbi m\u1eb7t v\u1ee3t m\u1ed9t c\u00e1ch ch\u00ednh x\u00e1c.<\/p>\n<p><strong>&#8211;\u00a0<\/strong><strong>BUILT-IN T-JOINT<\/strong>\u00a0l\u00e0 c\u00f4ng ngh\u1ec7 \u0111\u01b0\u1ee3c s\u1eed d\u1ee5ng nhi\u1ec1u tr\u00ean c\u00e1c c\u00e2y v\u1ee3t c\u1ea7u l\u00f4ng Yonex v\u1edbi c\u00f4ng d\u1ee5ng t\u0103ng s\u1ee9c m\u1ea1nh gi\u1eefa khung v\u00e0 th\u00e2n v\u1ee3t. C\u00f4ng ngh\u1ec7 n\u00e0y \u0111\u01b0\u1ee3c \u1ee9ng d\u1ee5ng l\u00ean kh\u1edbp n\u1ed1i ch\u1eef T, s\u1eed d\u1ee5ng v\u1eadt li\u1ec7u carbon c\u1ee9ng c\u00e1p gi\u00fap t\u0103ng c\u01b0\u1eddng \u0111\u1ed9 \u1ed5n \u0111\u1ecbnh cho khung v\u00e0 gi\u1ea3m thi\u1ec3u t\u00ecnh tr\u1ea1ng xo\u1eafn v\u1ee3t khi th\u1ef1c hi\u1ec7n nh\u1eefng pha c\u1ea7u nhanh, li\u00ean t\u1ee5c t\u1eeb \u0111\u00f3 t\u0103ng c\u01b0\u1eddng kh\u1ea3 n\u0103ng ki\u1ec3m so\u00e1t.<\/p>\n<p><img decoding=\"async\" src=\"https:\/\/cdn.shopvnb.com\/uploads\/images\/BUILT-IN-T-JOINT.jpg\" alt=\"C\u00f4ng ngh\u1ec7 BIULT-IN T-JOINT c\u1ee7a V\u1ee3t c\u1ea7u l\u00f4ng Yonex Astrox 100 Game VA\" \/><\/p>\n<h2><strong>4. \u0110\u1ed1i t\u01b0\u1ee3ng ph\u00f9 h\u1ee3p v\u1edbi V\u1ee3t c\u1ea7u l\u00f4ng Yonex Astrox 100 Game VA<\/strong><\/h2>\n<p>&#8211; V\u1ee3t c\u1ea7u l\u00f4ng Yonex Astrox 100 Game VA d\u00e0nh cho ng\u01b0\u1eddi ch\u01a1i y\u00eau th\u00edch l\u1ed1i ch\u01a1i t\u1ea5n c\u00f4ng m\u1ea1nh m\u1ebd t\u1eeb cu\u1ed1i s\u00e2n nh\u01b0ng v\u1eabn linh ho\u1ea1t \u0111\u1ec3 ph\u00f2ng th\u1ee7, \u0111i\u1ec1u c\u1ea7u v\u00e0 x\u1eed l\u00fd c\u00e1c t\u00ecnh hu\u1ed1ng tr\u00ean l\u01b0\u1edbi.<\/p>\n<p>&#8211;\u00a0Phi\u00ean b\u1ea3n 4U d\u00e0nh cho ng\u01b0\u1eddi trung b\u00ecnh ph\u00f9 h\u1ee3p v\u1edbi nh\u1eefng ng\u01b0\u1eddi \u0111ang trong giai \u0111o\u1ea1n ph\u00e1t tri\u1ec3n l\u1ef1c tay, nh\u1eefng ng\u01b0\u1eddi ch\u01a1i c\u00f3 l\u1ed1i \u0111\u00e1nh t\u1ea5n c\u00f4ng, ho\u1eb7c nh\u1eefng ng\u01b0\u1eddi \u01b0u ti\u00ean t\u1ed1c \u0111\u1ed9 v\u00e0 s\u1ef1 linh ho\u1ea1t trong l\u1ed1i ch\u01a1i c\u00f4ng th\u1ee7 to\u00e0n di\u1ec7n.<\/p>\n<p>&#8211; Phi\u00ean b\u1ea3n 3U d\u00e0nh cho nh\u1eefng ng\u01b0\u1eddi ch\u01a1i \u1edf tr\u00ecnh \u0111\u1ed9 trung b\u00ecnh kh\u00e1 tr\u1edf l\u00ean, nh\u1eefng ng\u01b0\u1eddi \u0111\u00e3 c\u00f3 kinh nghi\u1ec7m ch\u01a1i c\u1ea7u s\u1edf h\u1eefu l\u1ef1c c\u1ed5 tay t\u1ed1t v\u00e0 k\u1ef9 thu\u1eadt v\u1eefng v\u00e0ng.<\/p>\n","protected":false},"excerpt":{"rendered":"<p>1. Gi\u1edbi thi\u1ec7u V\u1ee3t c\u1ea7u l\u00f4ng Yonex Astrox 100 Game VA &#8211;\u00a0V\u1ee3t c\u1ea7u l\u00f4ng Yonex Astrox 100 Game VA\u00a0L\u1ea5y c\u1ea3m h\u1ee9ng t\u1eeb phi\u00ean b\u1ea3n cao c\u1ea5p Astrox 100ZZ VA, c\u00e2y v\u1ee3t n\u00e0y \u0111\u01b0\u1ee3c tinh ch\u1ec9nh kh\u00e9o l\u00e9o mang \u0111\u1ebfn s\u1ee9c m\u1ea1nh t\u1ea5n c\u00f4ng v\u01b0\u1ee3t tr\u1ed9i, d\u1ec5 l\u00e0m quen v\u00e0 \u0111\u1eb7c bi\u1ec7t c\u00f3 m\u1ee9c gi\u00e1 h\u1ee3p&#8230;<\/p>\n","protected":false},"featured_media":103,"comment_status":"open","ping_status":"closed","template":"","meta":[],"product_brand":[36],"product_cat":[23,22],"product_tag":[],"class_list":{"0":"post-145","1":"product","2":"type-product","3":"status-publish","4":"has-post-thumbnail","6":"product_brand-yonex","7":"product_cat-vot-cau-long","8":"product_cat-vot-cau-long-yonex","10":"first","11":"instock","12":"shipping-taxable","13":"purchasable","14":"product-type-variable"},"yoast_head":"<!-- This site is optimized with the Yoast SEO plugin v27.3 - https:\/\/yoast.com\/product\/yoast-seo-wordpress\/ -->\n<title>V\u1ee3t c\u1ea7u l\u00f4ng Yonex Astrox 100 Game VA - one<\/title>\n<meta name=\"robots\" content=\"index, follow, max-snippet:-1, max-image-preview:large, max-video-preview:-1\" \/>\n<link rel=\"canonical\" href=\"https:\/\/n1thnltmdt21c.azdigi.shop\/index.php\/product\/vot-cau-long-yonex-astrox-100-game-va\/\" \/>\n<meta property=\"og:locale\" content=\"vi_VN\" \/>\n<meta property=\"og:type\" content=\"article\" \/>\n<meta property=\"og:title\" content=\"V\u1ee3t c\u1ea7u l\u00f4ng Yonex Astrox 100 Game VA - one\" \/>\n<meta property=\"og:description\" content=\"1. Gi\u1edbi thi\u1ec7u V\u1ee3t c\u1ea7u l\u00f4ng Yonex Astrox 100 Game VA &#8211;\u00a0V\u1ee3t c\u1ea7u l\u00f4ng Yonex Astrox 100 Game VA\u00a0L\u1ea5y c\u1ea3m h\u1ee9ng t\u1eeb phi\u00ean b\u1ea3n cao c\u1ea5p Astrox 100ZZ VA, c\u00e2y v\u1ee3t n\u00e0y \u0111\u01b0\u1ee3c tinh ch\u1ec9nh kh\u00e9o l\u00e9o mang \u0111\u1ebfn s\u1ee9c m\u1ea1nh t\u1ea5n c\u00f4ng v\u01b0\u1ee3t tr\u1ed9i, d\u1ec5 l\u00e0m quen v\u00e0 \u0111\u1eb7c bi\u1ec7t c\u00f3 m\u1ee9c gi\u00e1 h\u1ee3p...\" \/>\n<meta property=\"og:url\" content=\"https:\/\/n1thnltmdt21c.azdigi.shop\/index.php\/product\/vot-cau-long-yonex-astrox-100-game-va\/\" \/>\n<meta property=\"og:site_name\" content=\"one\" \/>\n<meta property=\"article:modified_time\" content=\"2026-04-15T11:23:20+00:00\" \/>\n<meta property=\"og:image\" content=\"https:\/\/n1thnltmdt21c.azdigi.shop\/wp-content\/uploads\/2026\/04\/8.webp\" \/>\n\t<meta property=\"og:image:width\" content=\"300\" \/>\n\t<meta property=\"og:image:height\" content=\"300\" \/>\n\t<meta property=\"og:image:type\" content=\"image\/webp\" \/>\n<meta name=\"twitter:card\" content=\"summary_large_image\" \/>\n<meta name=\"twitter:label1\" content=\"\u01af\u1edbc t\u00ednh th\u1eddi gian \u0111\u1ecdc\" \/>\n\t<meta name=\"twitter:data1\" content=\"7 ph\u00fat\" \/>\n<script type=\"application\/ld+json\" class=\"yoast-schema-graph\">{\"@context\":\"https:\\\/\\\/schema.org\",\"@graph\":[{\"@type\":\"WebPage\",\"@id\":\"https:\\\/\\\/n1thnltmdt21c.azdigi.shop\\\/index.php\\\/product\\\/vot-cau-long-yonex-astrox-100-game-va\\\/\",\"url\":\"https:\\\/\\\/n1thnltmdt21c.azdigi.shop\\\/index.php\\\/product\\\/vot-cau-long-yonex-astrox-100-game-va\\\/\",\"name\":\"V\u1ee3t c\u1ea7u l\u00f4ng Yonex Astrox 100 Game VA - one\",\"isPartOf\":{\"@id\":\"https:\\\/\\\/n1thnltmdt21c.azdigi.shop\\\/#website\"},\"primaryImageOfPage\":{\"@id\":\"https:\\\/\\\/n1thnltmdt21c.azdigi.shop\\\/index.php\\\/product\\\/vot-cau-long-yonex-astrox-100-game-va\\\/#primaryimage\"},\"image\":{\"@id\":\"https:\\\/\\\/n1thnltmdt21c.azdigi.shop\\\/index.php\\\/product\\\/vot-cau-long-yonex-astrox-100-game-va\\\/#primaryimage\"},\"thumbnailUrl\":\"https:\\\/\\\/n1thnltmdt21c.azdigi.shop\\\/wp-content\\\/uploads\\\/2026\\\/04\\\/8.webp\",\"datePublished\":\"2026-04-14T09:36:59+00:00\",\"dateModified\":\"2026-04-15T11:23:20+00:00\",\"breadcrumb\":{\"@id\":\"https:\\\/\\\/n1thnltmdt21c.azdigi.shop\\\/index.php\\\/product\\\/vot-cau-long-yonex-astrox-100-game-va\\\/#breadcrumb\"},\"inLanguage\":\"vi\",\"potentialAction\":[{\"@type\":\"ReadAction\",\"target\":[\"https:\\\/\\\/n1thnltmdt21c.azdigi.shop\\\/index.php\\\/product\\\/vot-cau-long-yonex-astrox-100-game-va\\\/\"]}]},{\"@type\":\"ImageObject\",\"inLanguage\":\"vi\",\"@id\":\"https:\\\/\\\/n1thnltmdt21c.azdigi.shop\\\/index.php\\\/product\\\/vot-cau-long-yonex-astrox-100-game-va\\\/#primaryimage\",\"url\":\"https:\\\/\\\/n1thnltmdt21c.azdigi.shop\\\/wp-content\\\/uploads\\\/2026\\\/04\\\/8.webp\",\"contentUrl\":\"https:\\\/\\\/n1thnltmdt21c.azdigi.shop\\\/wp-content\\\/uploads\\\/2026\\\/04\\\/8.webp\",\"width\":300,\"height\":300},{\"@type\":\"BreadcrumbList\",\"@id\":\"https:\\\/\\\/n1thnltmdt21c.azdigi.shop\\\/index.php\\\/product\\\/vot-cau-long-yonex-astrox-100-game-va\\\/#breadcrumb\",\"itemListElement\":[{\"@type\":\"ListItem\",\"position\":1,\"name\":\"Home\",\"item\":\"https:\\\/\\\/n1thnltmdt21c.azdigi.shop\\\/\"},{\"@type\":\"ListItem\",\"position\":2,\"name\":\"C\u1eeda h\u00e0ng\",\"item\":\"https:\\\/\\\/n1thnltmdt21c.azdigi.shop\\\/index.php\\\/cua-hang\\\/\"},{\"@type\":\"ListItem\",\"position\":3,\"name\":\"V\u1ee3t c\u1ea7u l\u00f4ng Yonex Astrox 100 Game VA\"}]},{\"@type\":\"WebSite\",\"@id\":\"https:\\\/\\\/n1thnltmdt21c.azdigi.shop\\\/#website\",\"url\":\"https:\\\/\\\/n1thnltmdt21c.azdigi.shop\\\/\",\"name\":\"one\",\"description\":\"\",\"publisher\":{\"@id\":\"https:\\\/\\\/n1thnltmdt21c.azdigi.shop\\\/#\\\/schema\\\/person\\\/f9c8d72cb37e057ca75fcb301f24775b\"},\"potentialAction\":[{\"@type\":\"SearchAction\",\"target\":{\"@type\":\"EntryPoint\",\"urlTemplate\":\"https:\\\/\\\/n1thnltmdt21c.azdigi.shop\\\/?s={search_term_string}\"},\"query-input\":{\"@type\":\"PropertyValueSpecification\",\"valueRequired\":true,\"valueName\":\"search_term_string\"}}],\"inLanguage\":\"vi\"},{\"@type\":[\"Person\",\"Organization\"],\"@id\":\"https:\\\/\\\/n1thnltmdt21c.azdigi.shop\\\/#\\\/schema\\\/person\\\/f9c8d72cb37e057ca75fcb301f24775b\",\"name\":\"avycvsxw\",\"image\":{\"@type\":\"ImageObject\",\"inLanguage\":\"vi\",\"@id\":\"https:\\\/\\\/secure.gravatar.com\\\/avatar\\\/c56eb1032dab3a3f203620cbf35d45b422a782950bfc8d85494eb01f8e118853?s=96&d=mm&r=g\",\"url\":\"https:\\\/\\\/secure.gravatar.com\\\/avatar\\\/c56eb1032dab3a3f203620cbf35d45b422a782950bfc8d85494eb01f8e118853?s=96&d=mm&r=g\",\"contentUrl\":\"https:\\\/\\\/secure.gravatar.com\\\/avatar\\\/c56eb1032dab3a3f203620cbf35d45b422a782950bfc8d85494eb01f8e118853?s=96&d=mm&r=g\",\"caption\":\"avycvsxw\"},\"logo\":{\"@id\":\"https:\\\/\\\/secure.gravatar.com\\\/avatar\\\/c56eb1032dab3a3f203620cbf35d45b422a782950bfc8d85494eb01f8e118853?s=96&d=mm&r=g\"},\"sameAs\":[\"https:\\\/\\\/n1thnltmdt21c.azdigi.shop\"]}]}<\/script>\n<!-- \/ Yoast SEO plugin. -->","yoast_head_json":{"title":"V\u1ee3t c\u1ea7u l\u00f4ng Yonex Astrox 100 Game VA - one","robots":{"index":"index","follow":"follow","max-snippet":"max-snippet:-1","max-image-preview":"max-image-preview:large","max-video-preview":"max-video-preview:-1"},"canonical":"https:\/\/n1thnltmdt21c.azdigi.shop\/index.php\/product\/vot-cau-long-yonex-astrox-100-game-va\/","og_locale":"vi_VN","og_type":"article","og_title":"V\u1ee3t c\u1ea7u l\u00f4ng Yonex Astrox 100 Game VA - one","og_description":"1. Gi\u1edbi thi\u1ec7u V\u1ee3t c\u1ea7u l\u00f4ng Yonex Astrox 100 Game VA &#8211;\u00a0V\u1ee3t c\u1ea7u l\u00f4ng Yonex Astrox 100 Game VA\u00a0L\u1ea5y c\u1ea3m h\u1ee9ng t\u1eeb phi\u00ean b\u1ea3n cao c\u1ea5p Astrox 100ZZ VA, c\u00e2y v\u1ee3t n\u00e0y \u0111\u01b0\u1ee3c tinh ch\u1ec9nh kh\u00e9o l\u00e9o mang \u0111\u1ebfn s\u1ee9c m\u1ea1nh t\u1ea5n c\u00f4ng v\u01b0\u1ee3t tr\u1ed9i, d\u1ec5 l\u00e0m quen v\u00e0 \u0111\u1eb7c bi\u1ec7t c\u00f3 m\u1ee9c gi\u00e1 h\u1ee3p...","og_url":"https:\/\/n1thnltmdt21c.azdigi.shop\/index.php\/product\/vot-cau-long-yonex-astrox-100-game-va\/","og_site_name":"one","article_modified_time":"2026-04-15T11:23:20+00:00","og_image":[{"width":300,"height":300,"url":"https:\/\/n1thnltmdt21c.azdigi.shop\/wp-content\/uploads\/2026\/04\/8.webp","type":"image\/webp"}],"twitter_card":"summary_large_image","twitter_misc":{"\u01af\u1edbc t\u00ednh th\u1eddi gian \u0111\u1ecdc":"7 ph\u00fat"},"schema":{"@context":"https:\/\/schema.org","@graph":[{"@type":"WebPage","@id":"https:\/\/n1thnltmdt21c.azdigi.shop\/index.php\/product\/vot-cau-long-yonex-astrox-100-game-va\/","url":"https:\/\/n1thnltmdt21c.azdigi.shop\/index.php\/product\/vot-cau-long-yonex-astrox-100-game-va\/","name":"V\u1ee3t c\u1ea7u l\u00f4ng Yonex Astrox 100 Game VA - one","isPartOf":{"@id":"https:\/\/n1thnltmdt21c.azdigi.shop\/#website"},"primaryImageOfPage":{"@id":"https:\/\/n1thnltmdt21c.azdigi.shop\/index.php\/product\/vot-cau-long-yonex-astrox-100-game-va\/#primaryimage"},"image":{"@id":"https:\/\/n1thnltmdt21c.azdigi.shop\/index.php\/product\/vot-cau-long-yonex-astrox-100-game-va\/#primaryimage"},"thumbnailUrl":"https:\/\/n1thnltmdt21c.azdigi.shop\/wp-content\/uploads\/2026\/04\/8.webp","datePublished":"2026-04-14T09:36:59+00:00","dateModified":"2026-04-15T11:23:20+00:00","breadcrumb":{"@id":"https:\/\/n1thnltmdt21c.azdigi.shop\/index.php\/product\/vot-cau-long-yonex-astrox-100-game-va\/#breadcrumb"},"inLanguage":"vi","potentialAction":[{"@type":"ReadAction","target":["https:\/\/n1thnltmdt21c.azdigi.shop\/index.php\/product\/vot-cau-long-yonex-astrox-100-game-va\/"]}]},{"@type":"ImageObject","inLanguage":"vi","@id":"https:\/\/n1thnltmdt21c.azdigi.shop\/index.php\/product\/vot-cau-long-yonex-astrox-100-game-va\/#primaryimage","url":"https:\/\/n1thnltmdt21c.azdigi.shop\/wp-content\/uploads\/2026\/04\/8.webp","contentUrl":"https:\/\/n1thnltmdt21c.azdigi.shop\/wp-content\/uploads\/2026\/04\/8.webp","width":300,"height":300},{"@type":"BreadcrumbList","@id":"https:\/\/n1thnltmdt21c.azdigi.shop\/index.php\/product\/vot-cau-long-yonex-astrox-100-game-va\/#breadcrumb","itemListElement":[{"@type":"ListItem","position":1,"name":"Home","item":"https:\/\/n1thnltmdt21c.azdigi.shop\/"},{"@type":"ListItem","position":2,"name":"C\u1eeda h\u00e0ng","item":"https:\/\/n1thnltmdt21c.azdigi.shop\/index.php\/cua-hang\/"},{"@type":"ListItem","position":3,"name":"V\u1ee3t c\u1ea7u l\u00f4ng Yonex Astrox 100 Game VA"}]},{"@type":"WebSite","@id":"https:\/\/n1thnltmdt21c.azdigi.shop\/#website","url":"https:\/\/n1thnltmdt21c.azdigi.shop\/","name":"one","description":"","publisher":{"@id":"https:\/\/n1thnltmdt21c.azdigi.shop\/#\/schema\/person\/f9c8d72cb37e057ca75fcb301f24775b"},"potentialAction":[{"@type":"SearchAction","target":{"@type":"EntryPoint","urlTemplate":"https:\/\/n1thnltmdt21c.azdigi.shop\/?s={search_term_string}"},"query-input":{"@type":"PropertyValueSpecification","valueRequired":true,"valueName":"search_term_string"}}],"inLanguage":"vi"},{"@type":["Person","Organization"],"@id":"https:\/\/n1thnltmdt21c.azdigi.shop\/#\/schema\/person\/f9c8d72cb37e057ca75fcb301f24775b","name":"avycvsxw","image":{"@type":"ImageObject","inLanguage":"vi","@id":"https:\/\/secure.gravatar.com\/avatar\/c56eb1032dab3a3f203620cbf35d45b422a782950bfc8d85494eb01f8e118853?s=96&d=mm&r=g","url":"https:\/\/secure.gravatar.com\/avatar\/c56eb1032dab3a3f203620cbf35d45b422a782950bfc8d85494eb01f8e118853?s=96&d=mm&r=g","contentUrl":"https:\/\/secure.gravatar.com\/avatar\/c56eb1032dab3a3f203620cbf35d45b422a782950bfc8d85494eb01f8e118853?s=96&d=mm&r=g","caption":"avycvsxw"},"logo":{"@id":"https:\/\/secure.gravatar.com\/avatar\/c56eb1032dab3a3f203620cbf35d45b422a782950bfc8d85494eb01f8e118853?s=96&d=mm&r=g"},"sameAs":["https:\/\/n1thnltmdt21c.azdigi.shop"]}]}},"_links":{"self":[{"href":"https:\/\/n1thnltmdt21c.azdigi.shop\/index.php\/wp-json\/wp\/v2\/product\/145","targetHints":{"allow":["GET"]}}],"collection":[{"href":"https:\/\/n1thnltmdt21c.azdigi.shop\/index.php\/wp-json\/wp\/v2\/product"}],"about":[{"href":"https:\/\/n1thnltmdt21c.azdigi.shop\/index.php\/wp-json\/wp\/v2\/types\/product"}],"replies":[{"embeddable":true,"href":"https:\/\/n1thnltmdt21c.azdigi.shop\/index.php\/wp-json\/wp\/v2\/comments?post=145"}],"wp:featuredmedia":[{"embeddable":true,"href":"https:\/\/n1thnltmdt21c.azdigi.shop\/index.php\/wp-json\/wp\/v2\/media\/103"}],"wp:attachment":[{"href":"https:\/\/n1thnltmdt21c.azdigi.shop\/index.php\/wp-json\/wp\/v2\/media?parent=145"}],"wp:term":[{"taxonomy":"product_brand","embeddable":true,"href":"https:\/\/n1thnltmdt21c.azdigi.shop\/index.php\/wp-json\/wp\/v2\/product_brand?post=145"},{"taxonomy":"product_cat","embeddable":true,"href":"https:\/\/n1thnltmdt21c.azdigi.shop\/index.php\/wp-json\/wp\/v2\/product_cat?post=145"},{"taxonomy":"product_tag","embeddable":true,"href":"https:\/\/n1thnltmdt21c.azdigi.shop\/index.php\/wp-json\/wp\/v2\/product_tag?post=145"}],"curies":[{"name":"wp","href":"https:\/\/api.w.org\/{rel}","templated":true}]}}